{"id":14,"date":"2014-11-21T05:18:04","date_gmt":"2014-11-21T05:18:04","guid":{"rendered":"http:\/\/online.kcp.de\/?page_id=14"},"modified":"2014-11-21T11:56:13","modified_gmt":"2014-11-21T11:56:13","slug":"ueber-uns","status":"publish","type":"page","link":"http:\/\/online.kcp.de\/?page_id=14","title":{"rendered":"\u00dcber uns"},"content":{"rendered":"<p><a href=\"http:\/\/online.kcp.de\/wp-content\/uploads\/2014\/11\/pc_tastatur.jpg\"><img loading=\"lazy\" decoding=\"async\" class=\"alignright size-full wp-image-15\" src=\"http:\/\/online.kcp.de\/wp-content\/uploads\/2014\/11\/pc_tastatur.jpg\" alt=\"Technik\" width=\"155\" height=\"212\" \/><\/a>Bei uns finden Sie preiswerte PC&#8217;s, Notebooks, Hardware und Software. Als professioneller EDV-Dienstleister sind wir seit \u00fcber 20 Jahren in Rheinhessen f\u00fcr kompetente Betreuung rund um Ihre Computersysteme und Kommunikationsl\u00f6sungen bekannt. Unser Ziel ist es, Ihnen hochwertige Systeme zur Verf\u00fcgung zu stellen, damit Sie m\u00f6glichst lange etwas davon haben. Unsere Komplettsysteme sind bestens aufeinander abgestimmt und ausgebiegig getestet. Als Systemhaus betreuen wir auch gerne Ihre Netzwerktechnik vor Ort oder schulen Sie und Ihre Mitarbeiter rund um Themen der Standardsoftware.<\/p>\n<p>Gesch\u00e4ftsf\u00fchrer: Karl-Christian Prinz, Inhaber<br \/>\nUSt-IdNr.: DE185946440<br \/>\nSteuernummer: 11 \/ 44 126 30010 \/ 57 beim Finanzamt Worms-Kirchheimbolanden<\/p>\n<p>&nbsp;<\/p>\n","protected":false},"excerpt":{"rendered":"<p>Bei uns finden Sie preiswerte PC&#8217;s, Notebooks, Hardware und Software. Als professioneller EDV-Dienstleister sind wir seit \u00fcber 20 Jahren in Rheinhessen f\u00fcr kompetente Betreuung rund um Ihre Computersysteme und Kommunikationsl\u00f6sungen bekannt. Unser Ziel ist es, Ihnen hochwertige Systeme zur Verf\u00fcgung zu stellen, damit Sie m\u00f6glichst lange etwas davon haben. Unsere Komplettsysteme sind bestens aufeinander abgestimmt [&hellip;]<\/p>\n","protected":false},"author":1,"featured_media":15,"parent":0,"menu_order":0,"comment_status":"closed","ping_status":"closed","template":"","meta":{"footnotes":""},"class_list":["post-14","page","type-page","status-publish","has-post-thumbnail","hentry"],"_links":{"self":[{"href":"http:\/\/online.kcp.de\/index.php?rest_route=\/wp\/v2\/pages\/14","targetHints":{"allow":["GET"]}}],"collection":[{"href":"http:\/\/online.kcp.de\/index.php?rest_route=\/wp\/v2\/pages"}],"about":[{"href":"http:\/\/online.kcp.de\/index.php?rest_route=\/wp\/v2\/types\/page"}],"author":[{"embeddable":true,"href":"http:\/\/online.kcp.de\/index.php?rest_route=\/wp\/v2\/users\/1"}],"replies":[{"embeddable":true,"href":"http:\/\/online.kcp.de\/index.php?rest_route=%2Fwp%2Fv2%2Fcomments&post=14"}],"version-history":[{"count":4,"href":"http:\/\/online.kcp.de\/index.php?rest_route=\/wp\/v2\/pages\/14\/revisions"}],"predecessor-version":[{"id":87,"href":"http:\/\/online.kcp.de\/index.php?rest_route=\/wp\/v2\/pages\/14\/revisions\/87"}],"wp:featuredmedia":[{"embeddable":true,"href":"http:\/\/online.kcp.de\/index.php?rest_route=\/wp\/v2\/media\/15"}],"wp:attachment":[{"href":"http:\/\/online.kcp.de\/index.php?rest_route=%2Fwp%2Fv2%2Fmedia&parent=14"}],"curies":[{"name":"wp","href":"https:\/\/api.w.org\/{rel}","templated":true}]}}