{"id":26,"date":"2014-11-21T05:55:58","date_gmt":"2014-11-21T05:55:58","guid":{"rendered":"http:\/\/online.kcp.de\/?page_id=26"},"modified":"2014-11-21T08:01:02","modified_gmt":"2014-11-21T08:01:02","slug":"edv-zubehoer-shop","status":"publish","type":"page","link":"http:\/\/online.kcp.de\/?page_id=26","title":{"rendered":"EDV-Zubeh\u00f6r-Shop"},"content":{"rendered":"<p>\u00dcber diesen Link gelangen Sie in unseren EDV-Zubeh\u00f6r Shop:<\/p>\n<p><a title=\"EDV Zubeh\u00f6r Shop\" href=\"http:\/\/www.kcp.liefert-es.com\" target=\"_blank\">\u00dcber 50.000 Artikel warten auf Sie.<\/a><\/p>\n","protected":false},"excerpt":{"rendered":"<p>\u00dcber diesen Link gelangen Sie in unseren EDV-Zubeh\u00f6r Shop: \u00dcber 50.000 Artikel warten auf Sie.<\/p>\n","protected":false},"author":1,"featured_media":0,"parent":0,"menu_order":0,"comment_status":"closed","ping_status":"closed","template":"","meta":{"footnotes":""},"class_list":["post-26","page","type-page","status-publish","hentry"],"_links":{"self":[{"href":"http:\/\/online.kcp.de\/index.php?rest_route=\/wp\/v2\/pages\/26","targetHints":{"allow":["GET"]}}],"collection":[{"href":"http:\/\/online.kcp.de\/index.php?rest_route=\/wp\/v2\/pages"}],"about":[{"href":"http:\/\/online.kcp.de\/index.php?rest_route=\/wp\/v2\/types\/page"}],"author":[{"embeddable":true,"href":"http:\/\/online.kcp.de\/index.php?rest_route=\/wp\/v2\/users\/1"}],"replies":[{"embeddable":true,"href":"http:\/\/online.kcp.de\/index.php?rest_route=%2Fwp%2Fv2%2Fcomments&post=26"}],"version-history":[{"count":2,"href":"http:\/\/online.kcp.de\/index.php?rest_route=\/wp\/v2\/pages\/26\/revisions"}],"predecessor-version":[{"id":53,"href":"http:\/\/online.kcp.de\/index.php?rest_route=\/wp\/v2\/pages\/26\/revisions\/53"}],"wp:attachment":[{"href":"http:\/\/online.kcp.de\/index.php?rest_route=%2Fwp%2Fv2%2Fmedia&parent=26"}],"curies":[{"name":"wp","href":"https:\/\/api.w.org\/{rel}","templated":true}]}}